7887 is divided by 28875?
137
Calculate the remainder when 60997 is divided by 1151.
1145
What is the remainder when 118915 is divided by 40?
35
What is the remainder when 2948 is divided by 585?
23
Calculate the remainder when 14428 is divided by 26.
24
Calculate the remainder when 3617 is divided by 328.
9
Calculate the remainder when 207138 is divided by 20.
18
What is the remainder when 42774 is divided by 492?
462
Calculate the remainder when 26184 is divided by 140.
4
Calculate the remainder when 129951 is divided by 358.
355
What is the remainder when 826082 is divided by 393?
389
Calculate the remainder when 22321 is divided by 475.
471
Calculate the remainder when 3275 is divided by 22.
19
What is the remainder when 29595 is divided by 357?
321
What is the remainder when 26599 is divided by 61?
3
Calculate the remainder when 1244859 is divided by 161.
7
Calculate the remainder when 4112 is divided by 76.
8
Calculate the remainder when 7547 is divided by 204.
203
Calculate the remainder when 11570 is divided by 11.
9
Calculate the remainder when 79504 is divided by 139.
135
Calculate the remainder when 13260 is divided by 6629.
2
Calculate the remainder when 80300 is divided by 10037.
4
What is the remainder when 223520 is divided by 1035?
995
Calculate the remainder when 35858 is divided by 416.
82
Calculate the remainder when 89442 is divided by 348.
6
Calculate the remainder when 62446 is divided by 3120.
46
What is the remainder when 12932 is divided by 132?
128
Calculate the remainder when 1031846 is divided by 91.
88
Calculate the remainder when 39091 is divided by 100.
91
What is the remainder when 98954 is divided by 15?
14
Calculate the remainder when 3296 is divided by 78.
20
What is the remainder when 350880 is divided by 8772?
0
Calculate the remainder when 31326 is divided by 176.
174
Calculate the remainder when 180379 is divided by 253.
243
What is the remainder when 137501 is divided by 249?
53
Calculate the remainder when 1191006 is divided by 91.
89
What is the remainder when 1156690 is divided by 1984?
18
Calculate the remainder when 104343 is divided by 4173.
18
Calculate the remainder when 94132 is divided by 281.
278
Calculate the remainder when 5627 is divided by 562.
7
What is the remainder when 5971 is divided by 5961?
10
What is the remainder when 346199 is divided by 30?
29
What is the remainder when 3501 is divided by 1685?
131
What is the remainder when 24702 is divided by 72?
6
What is the remainder when 3685 is divided by 140?
45
What is the remainder when 194808 is divided by 23?
21
Calculate the remainder when 11647 is divided by 201.
190
Calculate the remainder when 17509 is divided by 5829.
22
What is the remainder when 4238252 is divided by 1396?
1392
What is the remainder when 1374 is divided by 97?
16
Calculate the remainder when 836997 is divided by 50.
47
What is the remainder when 4351 is divided by 2171?
9
Calculate the remainder when 5987 is divided by 376.
347
What is the remainder when 50817 is divided by 121?
118
What is the remainder when 643 is divided by 19?
16
What is the remainder when 1848 is divided by 653?
542
What is the remainder when 3708 is divided by 417?
372
What is the remainder when 58199 is divided by 87?
83
Calculate the remainder when 2366408 is divided by 19.
15
What is the remainder when 247849 is divided by 22530?
19
What is the remainder when 888381 is divided by 112?
109
What is the remainder when 4060 is divided by 16?
12
What is the remainder when 24165 is divided by 810?
675
What is the remainder when 1595 is divided by 7?
6
What is the remainder when 55871 is divided by 27934?
3
Calculate the remainder when 80758 is divided by 581.
580
What is the remainder when 3963 is divided by 281?
29
What is the remainder when 52593 is divided by 45?
33
What is the remainder when 7714 is divided by 10?
4
Calculate the remainder when 3289 is divided by 1.
0
What is the remainder when 5619 is divided by 187?
9
Calculate the remainder when 1689 is divided by 26.
25
What is the remainder when 65435 is divided by 104?
19
Calculate the remainder when 43087 is divided by 7167.
85
Calculate the remainder when 11802 is divided by 1732.
1410
What is the remainder when 76567 is divided by 55?
7
Calculate the remainder when 896932 is divided by 587.
583
What is the remainder when 1411 is divided by 39?
7
What is the remainder when 7675 is divided by 264?
19
Calculate the remainder when 4410097 is divided by 50.
47
What is the remainder when 18237 is divided by 98?
9
Calculate the remainder when 90058 is divided by 5.
3
Calculate the remainder when 800875 is divided by 568.
563
What is the remainder when 50601 is divided by 318?
39
What is the remainder when 20237 is divided by 184?
181
Calculate the remainder when 127991 is divided by 1041.
989
What is the remainder when 14000 is divided by 4444?
668
What is the remainder when 21592 is divided by 116?
16
What is the remainder when 46557 is divided by 2325?
57
Calculate the remainder when 379052 is divided by 693.
674
Calculate the remainder when 4013 is divided by 175.
163
Calculate the remainder when 1996 is divided by 235.
116
Calculate the remainder when 1545 is divided by 1129.
416
What is the remainder when 356351 is divided by 446?
443
Calculate the remainder when 78298 is divided by 760.
18
Calculate the remainder when 80178 is divided by 47.
43
Calculate the remainder when 4448 is divided by 261.
11
Calculate the remainder when 184336 is divided by 2795.
2661
Calculate the remainder when 13540 is divided by 4508.
16
What is the remainder when 247900 is divided by 61?
57
What is the remainder when 20705 is divided by 504?
41
Calculate the remainder when 26219 is divided by 86.
75
What is the remainder when 20590 is divided by 1299?
1105
What is the remainder when 4962 is divided by 719?
648
What is the remainder when 83418 is divided by 156?
114
What is the remainder when 35401 is divided by 14?
9
What is the remainder when 6443 is divided by 107?
23
What is the remainder when 12039 is divided by 3005?
19
What is the remainder when 41023 is divided by 2571?
2458
What is the remainder when 3080 is divided by 1267?
546
What is the remainder when 44710 is divided by 22332?
46
Calculate the remainder when 241819 is divided by 1765.
14
What is the remainder when 23553 is divided by 203?
5
What is the remainder when 2866 is divided by 37?
17
Calculate the remainder when 7980 is divided by 1826.
676
What is the remainder when 4721 is divided by 1032?
593
Calculate the remainder when 79622 is divided by 134.
26
What is the remainder when 6626 is divided by 122?
38
What is the remainder when 9435 is divided by 81?
39
What is the remainder when 4456 is divided by 112?
88
Calculate the remainder when 627662 is divided by 567.
560
What is the remainder when 198169 is divided by 291?
289
Calculate the remainder when 7561 is divided by 303.
289
Calculate the remainder when 51778 is divided by 44.
34
Calculate the remainder when 3546 is divided by 163.
123
Calculate the remainder when 63569 is divided by 138.
89
Calculate the remainder when 2102 is divided by 40.
22
What is the remainder when 201296 is divided by 732?
728
Calculate the remainder when 2033 is divided by 1876.
157
What is the remainder when 77639 is divided by 128?
71
Calculate the remainder when 541980 is divided by 507.
504
What is the remainder when 5387 is divided by 443?
71
Calculate the remainder when 2733 is divided by 1360.
13
What is the remainder when 114887 is divided by 66?
47
Calculate the remainder when 83361 is divided by 29.
15
What is the remainder when 27940 is divided by 304?
276
Calculate the remainder when 21431 is divided by 10713.
5
Calculate the remainder when 200 is divided by 59.
23
What is the remainder when 25676 is divided by 76?
64
Calculate the remainder when 38380 is divided by 1163.
1
What is the remainder when 2554369 is divided by 182?
181
What is the remainder when 6069 is divided by 6043?
26
Calculate the remainder when 252 is divided by 126.
0
Calculate the remainder when 21715 is divided by 1372.
1135
What is the remainder when 4309 is divided by 1076?
5
Calculate the remainder when 470900 is divided by 173.
167
What is the remainder wh